+ 791 = 5*t, -4*f = 20. What is the units digit of t?
4
Suppose 26 = 3*a - 4*i - i, a = 4*i + 11. Suppose 0 = c - 2*p - 219, -5*c + 2*p = a*p - 1065. What is the tens digit of c?
1
Let w = 418 - -828. Let q be w/10 + (-16)/(-40). Let b = 178 - q. What is the tens digit of b?
5
Let a be 14/(-3)*(-18)/21. Suppose 5*j - 5*y + 10*y = 2165, -a*y = -j + 458. What is the hundreds digit of j?
4
Let v(y) = -23*y - 21. Let u be v(4). Let b = u - -153. What is the units digit of b?
0
Let k(w) = 3265*w**2 - 3*w - 12. What is the tens digit of k(2)?
4
Suppose -57996 - 2580 = -12*o. What is the tens digit of o?
4
Let i be (-26 + 27/3)*3. Let r(g) = g**2 + 51*g + 32. What is the units digit of r(i)?
2
Suppose -357*w - 2675589 = -400*w. What is the thousands digit of w?
2
Suppose 3*c = -3*d + 408 + 384, 4*d = -2*c + 532. Let p = 713 + c. What is the tens digit of p?
7
Let g(u) = -u**3 + 22*u**2 + 8*u + 34. Let y be (-6*33/(-36))/(3/12). What is the units digit of g(y)?
0
Let p(c) = 119*c**2 + 4*c - 5. Let t(i) = i**2 - i + 1. Let j = 14 + -11. Let n(b) = j*t(b) + p(b). What is the units digit of n(1)?
1
Suppose -22*j = 5*s - 21*j - 60, s = -4*j - 7. Let a(x) = 18*x - 70. Let c(b) = -6*b + 23. Let o(f) = 4*a(f) + 11*c(f). What is the tens digit of o(s)?
5
Let y(r) = -17*r + 1094. Let b(d) = -6*d + 6. Let f be b(1). What is the tens digit of y(f)?
9
Let j = -4 - -2. Suppose -3*f = b + 115, 7*f - 4*f + 2*b + 110 = 0. What is the hundreds digit of (414/72)/(j/f)?
1
Let i = 21122 + 48665. What is the ten thousands digit of i?
6
What is the tens digit of (0 + (-6)/4)/((-513)/5058522) - -2?
9
Let y(p) = -15*p + 130. Let v be y(7). Suppose v*x - 7904 = -x. What is the units digit of x?
4
Let m = -3724 + 2392. Let a be 4/(-7) + m/(-28). Suppose -4*w = i - a, 5*i - 5*w - 260 = -0*i. What is the units digit of i?
1
Let k(t) = -156*t - 40. Let u be k(-12). Let r = u + -975. What is the tens digit of r?
5
Let g be (-16)/(-3) + (-6)/(-9). Suppose 8*a = 9*a - g. Suppose 15*r = a*r + 936. What is the tens digit of r?
0
Suppose -3*a - 2*m + 28056 + 41210 = 0, -46182 = -2*a + m. What is the tens digit of a?
9
Let z be 3 - -2381*(2 - 1). Suppose z = -20*f + 28*f. What is the tens digit of f?
9
Suppose 25102 = 44*a - 30*a. Suppose 167 = 4*v - a. What is the tens digit of v?
9
Suppose -z + 2127 = -5*w - 2046, -3*z - 3*w + 12519 = 0. What is the hundreds digit of z?
1
Let i = 5500 - -1289. What is the thousands digit of i?
6
Let t(c) = -c**3 + 4. Let r be t(0). Suppose -139 = 5*q - 5*z - 509, 0 = q + r*z - 64. Let i = 149 - q. What is the units digit of i?
7
Let u be 1*-26*(-2)/(-2). Let g be (-383)/(-5) + 2*24/(-30). Let z = u + g. What is the units digit of z?
9
Suppose 4599 = 19*h - 15*h + n, 5730 = 5*h - 5*n. Let g = -323 + h. What is the units digit of g?
6
Let c = 99 + -59. Suppose 2*p + c = 7*p. Let h(m) = 6*m + 19. What is the tens digit of h(p)?
6
What is the units digit of (79/(-2))/(1892/(-944) + 4 + -2)?
2
Let f(p) = -p**2 - 21*p - 68. Let s be f(-17). Suppose -x + 82 = 3*w, -2*x + s*w = 3*w - 173. What is the units digit of x?
1
Let h = -9754 - -36631. What is the units digit of h?
7
Suppose -4*c - 285 = -m + 4*m, -360 = 5*c + 3*m. Suppose 2*o + 31 = -25. Let g = o - c. What is the tens digit of g?
4
Suppose -247467 = -72*h + 62565. What is the units digit of h?
6
Let a(c) be the first derivative of 14*c**2 - 7*c + 34. What is the units digit of a(17)?
9
Suppose -83 = -4*f + 3*m, -2*m + 2 = 4. Suppose 0*t + t = f. Let r = t + 9. What is the tens digit of r?
2
Let n(x) = x**3 - 5*x**2 - 6*x - 1. Let q be n(6). Let r be (0/4)/(1 + 1 + q). Suppose -c - 19 = -2*k + 64, -2*k + 5*c + 71 = r. What is the tens digit of k?
4
Let l(p) be the first derivative of p**3/3 + 5*p**2/2 - 2*p + 16. Let q be l(-5). What is the tens digit of 26 - (0/2)/q?
2
Suppose -4*q = -3*y + 255, -2*q + 7*q + 85 = y. Suppose 0 = 87*r - y*r - 398. What is the hundreds digit of r?
1
Let d(x) = x**3 + 21*x**2 + 30*x + 109. Let o be 5/10*-2*-3 - 20. What is the tens digit of d(o)?
5
Let l(w) = -2*w**2 + 10. Let k be l(3). What is the units digit of 0 + k - -543 - (1 + -1)?
5
Let t(d) = -2720*d - 15678. What is the ten thousands digit of t(-30)?
6
Let o(v) be the first derivative of v**4/4 - v**3/3 - 3*v**2/2 + 4*v + 8. Let f be o(-2). What is the tens digit of f/(-4)*(24 + 14)?
1
Let n = -107 - -42. Let s = -61 - n. Suppose 4*t + 2*u = 468, 0 = -s*t - u + 366 + 106. What is the hundreds digit of t?
1
Let b = -5261 - -5911. What is the units digit of b?
0
Suppose 6*n + 14*n - 3580 = 0. Let p = n - 5. What is the tens digit of p?
7
Let l = -47 - -54. Suppose l*k - 14 - 21 = 0. Suppose -4*x + k*x = 55. What is the units digit of x?
5
Suppose 33 = 11*i - 11. Suppose -4*l = -5*k + 2, 0*k + 10 = 2*k + 3*l. Suppose -i*g + 251 = 5*n, -4*n - 3*g + 203 = -k*g. What is the tens digit of n?
5
Suppose -55 = -8*m + 1. Suppose -1037 = m*i - 24*i. What is the units digit of i?
1
Let s be 582/12*(-1 - 13). Let a = -234 - s. What is the hundreds digit of a?
4
Suppose -4*v = -f - 128 - 200, -5*f - 2*v = 1530. Let o = f + 134. Let n = o - -411. What is the hundreds digit of n?
2
Suppose 4*x - 4*q + 1004 = 0, 5*x - q - 733 = 8*x. Let s = x - -682. What is the hundreds digit of s?
4
Let t(f) = 2*f**2 + 38*f. Suppose 19*b - 11*b = -152. Let d be t(b). Suppose -2*n + 246 - 2 = d. What is the tens digit of n?
2
Let l(m) = -m**2 + 29*m - 107. Let r be l(25). What is the units digit of (r - -4)*3448/(-24)?
1
Let b = 683 + -679. Suppose b*v + 4*s = 2428, -4*v + 3391 = 5*s + 965. What is the tens digit of v?
0
Let s(h) = 11*h - 89. Let r be s(9). Suppose r*o = 7*o + 12, -4*k - 3*o + 524 = 0. What is the tens digit of k?
2
Let h be 10 + (15*4/10 - 12). Suppose 0 = 4*o + h*y - 1202 + 306, 5*y - 224 = -o. What is the tens digit of o?
2
Let p(a) = 3170*a - 1653. What is the tens digit of p(6)?
6
Let l(g) = 526*g - 798. What is the units digit of l(5)?
2
Let l(k) = 7*k - 27. Let m be l(9). What is the tens digit of 303*(-3 - -15*8/m)?
0
Let b(d) = -881*d + 4884. What is the hundreds digit of b(-33)?
9
Let i(p) = 59*p**3 + 3*p**2 + 3*p. Let f be i(-1). Let n(h) = h**2 - 2*h. Let t be n(3). What is the tens digit of 2 + (2 - t - f)?
6
Let o(h) = 2*h + 29. Let n be o(-12). Suppose -n*r - 14*r + 209 = 0. What is the units digit of r?
1
Suppose 0 = -100*q + 95*q + 10. Suppose 3157 = q*w + 5*w. What is the hundreds digit of w?
4
Let h be (-4)/(8/(-62)) - 2. Let x(d) = d**2 + 19*d - 307. Let v be x(11). Suppose -v = -2*t + h. What is the tens digit of t?
2
Suppose -4*y = -b + 92, 5*b - 5*y - 163 = 222. What is the units digit of (-271 - 2)/(b/(-192))?
8
Let o(y) = y**2 + 8*y + 5. Let t be o(-7). What is the hundreds digit of t/((-4)/(-2150)*-5)?
2
Suppose 2*b = -5*b + 280. Suppose -2*j - m + 8 = -j, 4*m + b = 5*j. What is the tens digit of 94*(12/j - 1)?
4
Let f(z) = -326 + 10*z + 323 - 2*z + 14*z**2. What is the hundreds digit of f(5)?
3
Suppose -20*v + 1461 = -379. Suppose 4*a = 4*m + v, 2*m = 4*a - 8*a + 122. What is the units digit of a?
8
Suppose -4*c = 3*j - 119364 - 34955, -4*j + 3*c = -205742. What is the ten thousands digit of j?
5
Let m(k) = -k**3 + 3*k**2 + 16*k + 20. Let g be m(6). Let l(d) be the first derivative of -d**4/4 + 3*d**3 - 3*d**2 + 4*d + 1. What is the units digit of l(g)?
0
Let v = -139 + 258. Let w = v + 36. Let h = -71 + w. What is the tens digit of h?
8
Let o(v) = -v**3 - 16*v**2 - 16*v - 41. Let z(j) = -8*j + 17. Let y be z(4). Let g be o(y). What is the tens digit of (-1 - 0)*(-65)/(-10)*g?
6
Suppose 19*f + 48 = 22*f. What is the tens digit of (-60)/15*(-2364)/f?
9
Let d = 7868 - -5476. What is the ten thousands digit of d?
1
Let i(s) = s**2 - 19*s + 102. Let w be i(9). Suppose w*t - 3590 = 2*t. What is the tens digit of t?
5
Let n = 970 - 438. Suppose 4*a = 4*q + n, 6*a + 414 = -3*q + 4*a. What is the hundreds digit of (0 + q)*-1 + -4?
1
Let g(p) = p**2 - 10*p + 20. Let u be g(8). Suppose 3*l - 153 = 5*f + 404, f = u*l - 737. What is the hundreds digit of l?
1
Let p be 59408/(-60) + 5 - 2/(-15). Let w = p + 1480. What is the tens digit of w?
9
Suppose 6*n - 31 + 1 = 0. Suppose -2*y = n - 11. Suppose -2*h + 5*w + 14 = 0, 0 = y*h + w + 2*w. What is the units digit of h?
2
Suppose -4*a + 10 = -22. Suppose 711 =